1)/(-1) + 122/v?
2
Suppose -5*l + 50164 = -s, 5*l - 5*s = -10*s + 50170. What is the ten thousands digit of l?
1
What is the tens digit of (-13 - -15)/(((-48)/14013)/(-8))?
7
Suppose -83*b + 19773 = -74*b. What is the tens digit of b?
9
Let g(s) = -s**2 - 36*s - 234. Let q be g(-28). What is the units digit of (-256 + 261)*((-1978)/q + 1)?
4
Let p(b) be the third derivative of 1/24*b**4 - 3/2*b**3 + 0 + 2*b**2 + 1/10*b**5 + 0*b. What is the units digit of p(4)?
1
What is the units digit of 21854*((-13)/(-2) - 6)?
7
Let w = 10 - 82. Let b be (w/5)/(11/(-55)). Suppose -12*h + 18*h - b = 0. What is the units digit of h?
2
Suppose -6*n + 2*o = -3*n + 1439, 4*n + 1916 = 4*o. Let z = -250 - n. What is the units digit of z?
1
What is the hundreds digit of (-718*3/18)/(3/(-9))?
3
Suppose 160*g - 85*g - 1465725 = 0. What is the tens digit of g?
4
Suppose 3*w - w = 6. Suppose 0 = -w*c + 4*d, 2*d + 10 = -3*c + 28. Suppose 15 = c*m - 29. What is the units digit of m?
1
Suppose -75 = 11*p + 134. Let w(n) = 6*n**2 + 9*n + 41. What is the thousands digit of w(p)?
2
Let q = 19 + 13. Suppose -5*l = -3*g + 253, -q = -2*g + 5*l + 130. Suppose -m - 3*j = -g, -4*j = 4*m - 6*j - 434. What is the tens digit of m?
0
Suppose 0 = -5*l + 4*i + 20044, 405*i = -2*l + 400*i + 8011. What is the hundreds digit of l?
0
Suppose 20 = 2*c - 0*c. Let l be c + 0 + 4 + -2. Suppose 5*m - r = 1131, 438 = 2*m + 8*r - l*r. What is the hundreds digit of m?
2
Suppose -4*y + 3*h - 284 = 0, 0 = -3*y - 4*h + 2*h - 230. Let f = 270 - y. What is the hundreds digit of f?
3
What is the units digit of ((-19)/(570/(-470)))/((-2)/(-1884)) - -1?
9
Let r(a) = 458*a - 56. Let u be r(-2). Let z = u - -1418. What is the units digit of z?
6
Let a = -6061 + 11326. What is the tens digit of a?
6
Let w = -40007 + 69426. What is the hundreds digit of w?
4
Suppose -2*v + 10995 = l, 203*v - 208*v - 2*l = -27488. What is the units digit of v?
8
Suppose 515*z - 1133*z = -574*z - 1637328. What is the thousands digit of z?
7
Let g = 52 + -44. Let r be 5551/28 - 2/g. Suppose -3*c - 4*l = -r, c + 11 - 61 = 4*l. What is the tens digit of c?
6
Suppose 7*m - 7 - 84 = 0. Let a(h) = h**3 - 15*h**2 + 33*h - 33. What is the units digit of a(m)?
8
Suppose 18*t - 23*t - 5*b = 0, 3*b - 8 = -5*t. Let q = -7 + 11. Suppose t*p - x = -0*x + 393, 0 = -q*p - 5*x + 411. What is the units digit of p?
9
Suppose 61*m - 1424486 = 695935. What is the thousands digit of m?
4
Let p be 13 - 30/(7 + -13). Suppose -19*o = -p*o - 604. What is the units digit of o?
4
What is the units digit of (-7 - (14 - (-185)/(-9))) + 293408/18?
0
Let h = 3638 + 6895. What is the tens digit of h?
3
Let y(o) = 89*o - 20. Let z = 250 - 245. What is the tens digit of y(z)?
2
Suppose -6*n - 2*q = -254092, 4*n + 2*q = 4*q + 169418. What is the units digit of n?
1
Let r = -14537 + 29376. What is the units digit of r?
9
Suppose -13*v + 64 = 12. Suppose -169 = -3*s - 4*m, -271 = 7*s - 12*s - v*m. What is the tens digit of s?
5
Suppose 26 + 1010 = 2*w. Let o = w + -15. What is the hundreds digit of o?
5
Let i = -269 + 182. Suppose 0 = 3*c - 29 + 98. Let g = c - i. What is the tens digit of g?
6
Let m = 5818 - 3627. What is the hundreds digit of m?
1
Let m(i) = 3*i - 23. Let p be m(10). Suppose 10*q - p - 13 = 0. Suppose 4*h - 583 = -l, -h + q*l + 284 = h. What is the units digit of h?
5
Let w = 50167 - 21538. What is the hundreds digit of w?
6
Let g be (-2)/(-1)*(-114)/4. Let z be -102 - (-7 - (-3 - 3)). Let c = g - z. What is the units digit of c?
4
Let k(d) = 3 + 0*d**3 + 2*d**2 - 4 - d + 3*d**3. Let m be 18/14*(-1946)/(-834). What is the tens digit of k(m)?
9
Suppose 5*o + 12280 = 10*o. Suppose 397 + o = 9*c. What is the tens digit of c?
1
Let i be (0/2)/(11 - 10). Suppose 4*t - 6 + 1 = 5*x, i = -3*x - t + 14. What is the tens digit of 13/(-39) - (-331)/x?
1
Suppose -5*i = -2*k + 2, -3*i + k + 0*k = 1. Suppose i = 14*j - 4*j - 2570. What is the units digit of j?
7
Let t be ((-104)/(-468))/(2/72). Suppose -3*g + t*g - 100 = -4*m, -4*g + 5*m + 80 = 0. What is the units digit of g?
0
Let w(a) = 2*a**3 - 68*a**2 - 170*a + 11. What is the units digit of w(42)?
5
Let c = -52 + 49. Let k(f) = 13*f**2 - 2*f - 4. Let d be k(c). Suppose 2*u - 68 = -y, 2*u + d + 17 = 2*y. What is the tens digit of y?
6
Let b(v) = -4*v + 10*v - v - 2*v + 33. Let x be b(-11). Suppose x = 2*i - 7*i, -2*u = -3*i - 270. What is the tens digit of u?
3
Let f = -2 - -5. Suppose -f*p + 12 + 27 = u, p + 3*u = 5. Let k = 82 - p. What is the units digit of k?
8
Suppose 29*z - 35*z + 146150 + 8890 = 0. What is the thousands digit of z?
5
Let z be 4/6 - (-158)/6. Let i(v) = -49*v - 70. Let n be i(-2). Let l = n - z. What is the units digit of l?
1
Suppose -65*h + 78 = -39*h. Suppose h*i - 533 = -2*v, -16*i - v + 177 = -15*i. What is the units digit of i?
9
Suppose -1335*m + 1984990 = -1237*m. What is the tens digit of m?
5
Suppose -s = -b - 821, 3*s - 1561 = -3*b - 4012. Let y = b + 1711. What is the hundreds digit of y?
8
Let r(o) = 3*o - 99 + 205 + o**3 - 4*o - 100. Let c(k) = -k**2 + 4*k + 3. Let y be c(4). What is the units digit of r(y)?
0
Suppose -14*k + 12692 + 11206 = 0. What is the tens digit of k?
0
Suppose -4*z = 4*t - 6081 - 4739, 0 = 2*t - z - 5428. What is the thousands digit of t?
2
Let t(l) be the third derivative of -l**5/60 - 5*l**4/24 + 418*l**3/3 + l**2 + 28*l. What is the tens digit of t(0)?
3
Let l(g) = -5*g**2 + 3*g - 12. Let f(m) = -m**2 - m + 2. Let c(u) = -4*f(u) - l(u). What is the units digit of c(8)?
8
Let c = -29 - -33. Suppose -3*q = -c*o + 425, -3*o + 212 = -o - 2*q. Suppose 2*f = -2*y + 244, -5*y + o = f - y. What is the tens digit of f?
2
Suppose -1172 = 10*p + 2578. Let o = p - -539. Suppose -2*x + 141 = q, -4*q - 3*x + 390 = -o. What is the tens digit of q?
3
Suppose 0 = 5*d + 4*x - 9489, -3*x + 2 = 14. What is the thousands digit of d?
1
Suppose -7*h + 2 = -9*h. Let g = h - 1. What is the tens digit of (1169/(-2))/7*1*g?
6
Let w(d) = d**2 + 14*d + 1. Let n(z) = -z - 1. Let u(m) = 2*n(m) + w(m). Let k be u(-12). What is the tens digit of (-10624)/(-112) + -2*k/14?
9
Let z(h) = 1. Let t be 364/(-36) - 2/(-18). Let c(m) = -18*m - 8. Let n(u) = t*z(u) - c(u). What is the units digit of n(1)?
6
Suppose 5*j = 3*p + 7198, -4*p = 2*j - 2041 - 833. What is the tens digit of j?
3
Suppose 223*u - 1104415 = -154881. What is the units digit of u?
8
Let x(h) = 4*h - 19. Suppose -156 = 3*w + 4*m, -4*w + 2*w + 5*m - 127 = 0. Let l = -45 - w. What is the tens digit of x(l)?
2
Let l be (37/185)/(1/20*2). Suppose -3*o + 2790 = l*o. What is the tens digit of o?
5
Suppose -208 = 4*d - u, -214 + 58 = 3*d - 4*u. What is the units digit of -40*(d/20 - 1)?
4
Let u(a) be the third derivative of -a**5/60 - 7*a**4/8 - 2*a**3/3 - 49*a**2. What is the tens digit of u(-18)?
5
Suppose 0 = 5*m - y - 130287 - 18280, -5*y = -6*m + 178307. What is the units digit of m?
2
Suppose 15 = 5*b + 5. Suppose 2*i + 12 = -l - 4*l, 0 = -2*l + b*i - 16. Let o(f) = 13*f**2 + 9*f + 16. What is the tens digit of o(l)?
8
Suppose 472694 + 152872 = 102*l. What is the hundreds digit of l?
1
Let b be (0 + -1)*(-7 - 7). Let z(k) = -k**2 + 21*k - 60. What is the units digit of z(b)?
8
Suppose -5*y - 1280 = 4*s, s - 771 = 3*y + 4*s. Let j = 428 + y. Suppose -19*u + j = -17*u. What is the tens digit of u?
8
Suppose -5*a + 381320 = x + 111095, -15 = -3*x. What is the tens digit of a?
4
Let d = 298 - 194. Let u = 441 - d. What is the hundreds digit of u?
3
Let l(s) = 6*s**2 - 10*s - 25. Let u(w) = 11*w**2 - 22*w - 56. Let o(q) = 9*l(q) - 4*u(q). Suppose 5*d - 8 = d. What is the tens digit of o(d)?
3
Suppose 4*h - 5*d - 12 = 0, -5*h = -0*d - 2*d + 2. Let z be ((-60)/(-8) + h)*-2. Let j(f) = f**2 - 2*f - 13. What is the hundreds digit of j(z)?
1
Suppose 0 = -6*q - 0*q + 20928. Suppose -7*z - z = -q. What is the tens digit of z?
3
Suppose 2*t + q - 2*q - 959 = 0, 462 = t + 3*q. What is the units digit of (-4)/10 - t/(-5)?
5
Let w = 27 - -51. Let k = 80 - w. Suppose k*c - 124 = i + 3*i, 0 = 5*i + 15. What is the units digit of c?
6
Suppose -2*p - 12 = -2*g, 4*g - 3*p = 23 + 2. Suppose -g = -t - 4*c - 0*c, 0 = -c + 1. What is the units digit of (-2 + t)*(3 - 2)?
1
Let j(a) = -162*a - 8683. What is the units digit of j(-64)?
5
Le